?
True
Is 149973583 a prime number?
False
Is 146848969 a composite number?
False
Is 5263980206 a composite number?
True
Is 1188257047 prime?
True
Is 5220518 composite?
True
Is 1318163849 a composite number?
False
Is 26336105921 a prime number?
True
Is 499778857 a composite number?
False
Is 174452491507 composite?
True
Is 88193028985 a prime number?
False
Is 11360653561 a prime number?
True
Is 45453072163 a composite number?
False
Is 655955327 prime?
True
Is 5086957259 prime?
True
Is 736537819 prime?
True
Is 697242521 prime?
True
Is 1259178553 composite?
True
Is 1919703113 composite?
True
Is 10058886573 a prime number?
False
Is 942607997 a composite number?
True
Is 138131187697 composite?
False
Is 20034413401 a composite number?
False
Is 4560525373 a prime number?
False
Is 45848346811 composite?
False
Is 294829580921 composite?
False
Is 970356445 prime?
False
Is 36191893483 a composite number?
True
Is 27107548241 a composite number?
False
Is 23017484351 a composite number?
False
Is 729748241 a composite number?
True
Is 21271273 composite?
True
Is 7050625381 a composite number?
False
Is 762679751 composite?
False
Is 795840979 composite?
False
Is 3491453963 a prime number?
False
Is 2736344519 a composite number?
False
Is 341529749 a composite number?
True
Is 25682487251 a composite number?
True
Is 868893037 a prime number?
True
Is 52206689446 composite?
True
Is 642691139 composite?
True
Is 632612161 a composite number?
True
Is 22449967726 composite?
True
Is 336807907 a prime number?
False
Is 656518891 a prime number?
False
Is 1096649807 a composite number?
True
Is 434269559 a prime number?
False
Is 123777301 a prime number?
False
Is 14926140907 a prime number?
True
Is 3471100701 a prime number?
False
Is 11213931791 a prime number?
True
Is 1037052622 prime?
False
Is 1502088407 a prime number?
True
Is 2116054537 prime?
True
Is 11415303357 a prime number?
False
Is 1791901301 prime?
False
Is 20050090961 a composite number?
True
Is 5326838369 prime?
False
Is 10704974591 composite?
True
Is 5458369447 composite?
True
Is 4561514317 a composite number?
False
Is 114134731 a prime number?
True
Is 872759369 a composite number?
False
Is 4885710469 prime?
True
Is 59315013097 composite?
True
Is 225387233 prime?
False
Is 1243736483 composite?
True
Is 731497315 a composite number?
True
Is 1587207029 prime?
False
Is 5758919479 a composite number?
True
Is 2972928197 prime?
True
Is 3149182999 prime?
True
Is 308808358 composite?
True
Is 355125917 a prime number?
False
Is 8192435177 composite?
True
Is 6473378531 a prime number?
True
Is 7651247 prime?
False
Is 1553059691 a composite number?
True
Is 53933626843 a composite number?
True
Is 322103779 prime?
True
Is 19197166081 a composite number?
False
Is 25394825089 a composite number?
False
Is 10650794941 a prime number?
True
Is 4546948267 a composite number?
False
Is 5987294189 prime?
True
Is 637501619 composite?
False
Is 189054871 a prime number?
False
Is 725845291 prime?
True
Is 3012589993 a composite number?
True
Is 235143437 a composite number?
True
Is 61131607577 composite?
False
Is 195279137891 a composite number?
False
Is 123703204799 a composite number?
True
Is 3342070679 composite?
True
Is 7212679493 composite?
True
Is 1482941147 a composite number?
True
Is 5961085217 composite?
False
Is 65218479077 a composite number?
False
Is 209256599 prime?
False
Is 37695777599 a composite number?
False
Is 13900288453 a prime number?
True
Is 44843025979 a prime number?
True
Is 23633080567 composite?
False
Is 30315643579 a prime number?
False
Is 12900388649 prime?
False
Is 180132076073 composite?
False
Is 230913211 composite?
True
Is 2056582159 a prime number?
True
Is 382573781 composite?
False
Is 223133087 a composite number?
True
Is 28070197817 a prime number?
True
Is 56419206049 a prime number?
True
Is 8373892601 composite?
True
Is 80492639 a prime number?
True
Is 17693254697 composite?
False
Is 208837589 a composite number?
False
Is 4495703687 prime?
True
Is 328340897 a composite number?
False
Is 58862873 prime?
False
Is 2791216297 a composite number?
True
Is 39189547 a prime number?
False
Is 16482913 a prime number?
True
Is 35822981951 composite?
False
Is 1503264299 a composite number?
False
Is 6235565335 a composite number?
True
Is 7313852167 a prime number?
True
Is 8766727391 composite?
False
Is 6209187707 a composite number?
True
Is 98148908951 composite?
False
Is 2532736751 composite?
False
Is 47045629133 composite?
True
Is 3688498133 composite?
True
Is 21228415909 prime?
True
Is 2065835977 a composite number?
False
Is 45804760879 a composite number?
False
Is 253617948655 composite?
True
Is 125993730209 a prime number?
True
Is 435802097 a prime number?
False
Is 2498329087 composite?
True
Is 1608478937 a prime number?
False
Is 27429505483 composite?
True
Is 19197342947 composite?
True
Is 1810828553 prime?
True
Is 105794064083 a prime number?
False
Is 6518437171 a prime number?
True
Is 818327641 composite?
False
Is 47612268349 a composite number?
False
Is 1262280653 a composite number?
True
Is 2545986973 prime?
True
Is 6663982747 composite?
True
Is 4206235711 prime?
False
Is 21625653367 a composite number?
False
Is 8758179853 a composite number?
True
Is 1415170327 a prime number?
False
Is 2987287339 a composite number?
False
Is 38005589833 composite?
False
Is 29981130017 a composite number?
False
Is 7209523303 prime?
False
Is 3310609979 composite?
False
Is 5091344123 composite?
True
Is 21190547881 a composite number?
False
Is 17401047673 a composite number?
True
Is 1355964847 prime?
False
Is 19158611513 composite?
False
Is 1590332873 a composite number?
False
Is 127869452903 a composite number?
False
Is 35829436211 prime?
True
Is 3551800267 a composite number?
False
Is 21509823893 composite?
False
Is 260523167 a composite number?
False
Is 65129853463 prime?
False
Is 49519579 composite?
True
Is 5336285567 prime?
False
Is 63947791 composite?
False
Is 55605410079 composite?
True
Is 362026307 prime?
True
Is 40266167231 composite?
True
Is 25881365 composite?
True
Is 54073078889 prime?
True
Is 23694709817 composite?
True
Is 1235575813 a prime number?
True
Is 2051364673 a composite number?
False
Is 6427301651 a composite number?
False
Is 858711131 a prime number?
False
Is 33169439339 composite?
False
Is 1439707663 a prime number?
True
Is 202866269 a prime number?
False
Is 178199947 a composite number?
False
Is 13804498207 composite?
False
Is 7011212999 prime?
False
Is 5035902779 composite?
True
Is 1191543581 a prime number?
True
Is 105499481 prime?
True
Is 47779384331 a prime number?
False
Is 5415183299 a composite number?
False
Is 36917370097 a prime number?
True
Is 6383039 prime?
False
Is 32157857659 prime?
True
Is 7291216603 a composite number?
True
Is 928053694 prime?
False
Is 5728411457 a prime number?
False
Is 102019439231 a prime number?
True
Is 36170224207 prime?
False
Is 3085410883 composite?
False
Is 36219836503 a composite number?
False
Is 877985489 a composite number?
False
Is 2282790973 a composite number?
False
Is 2348181307 composite?
False
Is 20297112047 a composite number?
True
Is 133305409547 a composite number?
False
Is 2972244883 prime?
True
Is 1799495563 composite?
False
Is 4019546179 a prime number?
False
Is 29752311037 a composite number?
True
Is 491434071 a prime number?
False
Is 8073001247 composite?
True
Is 17442143141 prime?
True
Is 133657756567 composite?
False
Is 6975697 a composite number?
False
Is 2942297693 a prime number?
True
Is 3926046049 prime?
False
Is 24033832819 a prime number?
False
Is 5913353527 composite?
True
Is 86007640649 prime?
False
Is 22358805827 composite?
False
Is 2190467333 a prime number?
False
Is 9150373667 prime?
True
Is 643163149 composite?
True
Is 1914396949 prime?
False
Is 1630412939 composite?
True
Is 162694828891 composite?
True
Is 49540483 prime?
False
Is 373489409 a composite number?
True
Is 133648723 a composite number?
True
Is 5014533059 composite?
True
Is 3640550437 prime?
True
Is 213118238701 prime?
True
Is 222463261 a prime number?
True
Is 3218022953 prime?
True
Is 66576664991 prime?
False
Is 91158435257 prime?
True
Is 3672021971 prime?
True
Is 36661378991 prime?
True
Is 1853748283 prime?
False
Is 1342817279 a composite number?
False
Is 11955236039 compo